u = 55 - c. What is the tens digit of u?
2
Let t(g) = g**3 - 5*g**2 + 2*g - 7. Let s(a) = -2*a - 11. Suppose 2*v = -1 - 15. Let u be s(v). What is the units digit of t(u)?
3
Suppose 5 + 51 = 4*i. Suppose 0 = -0*w - w - i. Let j = 28 + w. What is the tens digit of j?
1
Suppose 0 = -3*w + 631 - 136. What is the tens digit of w?
6
Suppose -4*p = -96 - 168. What is the tens digit of p?
6
Let q be (2/(-2))/(3/(-6)). Suppose q*n = 4*h + 4*n - 88, 0 = n. What is the tens digit of h?
2
Let l be (25/(-20))/((-1)/(-4)). Let d(j) = -j**2 - 7*j + 2. What is the tens digit of d(l)?
1
Suppose -4*x - 3*r + 7 = 0, -6 + 0 = -5*x - r. Let h be (0 - 3)*x/(-3). What is the tens digit of (h + -14)*(8 + -9)?
1
Let b be 56/5 - (-7)/(-35). Let z be b/3 + 14/(-21). Suppose -z*h + 28 = h. What is the units digit of h?
7
Suppose -2 + 17 = 5*m. Suppose -m*a + 6*a = 33. What is the units digit of a?
1
Let c(o) = -2*o**3 - 9*o**2 + 17*o + 4. What is the units digit of c(-8)?
6
Let k be (-24)/4*21/(-9). What is the tens digit of k + 1 + -9 + 9?
1
Suppose -2 - 12 = -2*h. What is the units digit of h?
7
Let y(z) = -2*z**3 - 3*z**2 + z - 3. What is the units digit of y(-3)?
1
Let l(k) = 13*k - 6. What is the units digit of l(6)?
2
Suppose 4*q = 2*q + 30. Let d = -9 + q. What is the units digit of d?
6
Let c = 287 - 127. What is the units digit of c?
0
Suppose 3*y + 20 = 77. What is the tens digit of y?
1
Suppose -7*m + 3*m + 3*x = -202, 0 = -3*m - x + 158. What is the units digit of m?
2
Let q(i) = i**2 - i - 4. What is the units digit of q(-13)?
8
Suppose -2*p = -4*p + 32. What is the tens digit of p?
1
Let v(k) = -2*k**3 - 3*k**2 - 2*k + 2. What is the tens digit of v(-3)?
3
Suppose -g + 91 = 2*m - 0*g, 3*g = 2*m - 111. What is the units digit of m?
8
Suppose -7*h + 2 = -6*h. Suppose -4*u + 39 = -u + 3*x, -5*x + 23 = h*u. What is the tens digit of u?
1
Let c(b) = b**2 + 3*b - 10. What is the tens digit of c(-10)?
6
Let c(n) = -n**3 + 7*n**2 + n - 6. Let m be c(3). Suppose -m = -2*z + 9. What is the units digit of z?
1
Suppose 5*z - 141 = 2*z - 3*s, -5*z = 2*s - 220. Suppose -3*v - 2*p - 17 = -80, z = 2*v - p. What is the tens digit of v?
2
Suppose -3*f + 2*j - 2 + 5 = 0, 2 = 2*f + 3*j. Let x be 9 + f + -1 + 0. Suppose z = -4*l + 4 - 3, -x = 3*l + 4*z. What is the units digit of l?
1
Let x(g) = -12*g**2 + 4*g - 3. Let y(q) = 6*q**2 - 2*q + 2. Let b(l) = 6*x(l) + 11*y(l). Let n be b(-3). What is the units digit of ((-10)/(-7))/((-8)/n)?
0
Suppose -10*h = -4*h - 192. Let w = h + 1. What is the tens digit of w?
3
Let g(o) = 7*o - 8. What is the tens digit of g(15)?
9
Suppose -3*m = -4*m + 6. What is the tens digit of (m/(-7))/((-3)/105)?
3
Suppose 3*r = -2*s - 0*s + 31, r = 2*s + 5. Suppose -a + r + 15 = 0. What is the units digit of a?
4
Suppose 3*s - 400 = 2*n + 170, 364 = 2*s + 4*n. What is the tens digit of s?
8
Let c be 6 + 8/(-4) - -1. Suppose -3*a + c*a = 44. What is the units digit of a?
2
Let n = -523 + 732. What is the units digit of n?
9
Suppose -5*b - 20 = -b, -q + 4*b = -65. What is the units digit of q?
5
Let a(t) = -7*t**2 - 11*t. Suppose 2*g - x - 10 = 0, -x + 2 = 2*g - 6*x. Let w(v) = -v**2 - v + 1. Let q(l) = g*w(l) - a(l). What is the units digit of q(-4)?
2
Let j(r) = r**2 - 1. Suppose 0 = -k - 0*k, -8 = -2*u + 4*k. Let d be j(u). What is the units digit of 2/(3/(d/2))?
5
Let d = -942 + 1334. What is the units digit of d?
2
What is the hundreds digit of 232 - 1/((-5)/20)?
2
What is the tens digit of (-3)/2*536/(-12)?
6
Let f(k) = -4*k - 2. Let o be f(-2). Let y = -1 + o. What is the units digit of y?
5
Let h be (0/3 + -1)*-2. Suppose -47 = -h*o - 13. What is the units digit of o?
7
Suppose 0 = -5*u + 6*u + 4. What is the units digit of (-29)/u + (-1)/4?
7
Let x be -1*(-11 + -1 + 1). Let p = -6 + x. What is the units digit of (-3 + p)*(-7)/(-2)?
7
Let i(w) = -w**3 - w**2 - w + 43. What is the units digit of i(0)?
3
Suppose -4*f + d = -2, 0 = 2*f - 4*d + 5 + 1. Suppose q = -2*c - 1 + 3, 0 = c + 5*q - f. What is the units digit of c?
1
What is the tens digit of (-20)/(-3)*(-33)/(-1)?
2
Suppose -4*f + 214 + 26 = 0. What is the tens digit of f?
6
Let i = -34 + 39. What is the units digit of i?
5
What is the units digit of (-189)/(-45) - (-2)/(-10)?
4
Suppose 0*n - n = -43. Let y = -25 + n. What is the tens digit of y?
1
Let k be 3*(1 - 2/3). Let n be 4/2 + -4 + k. Let m(v) = -18*v - 1. What is the tens digit of m(n)?
1
Suppose -9*k + 221 + 481 = 0. What is the units digit of k?
8
Let z be (1 - 1 - -66)/2. Let a = z - 19. What is the units digit of a?
4
Let p = -148 + 223. Let q be (-2)/14 + 142/14. What is the units digit of (12/10)/(q/p)?
9
Let s(z) = -z + 6. Let a be s(3). Suppose -219 = -5*p + d, 2*p - 74 = -a*d - 0*d. What is the tens digit of p?
4
Suppose -5*q - q = -462. What is the units digit of q?
7
Let s(u) = u**3 + 7*u**2 - 4*u + 5. What is the units digit of s(-7)?
3
Suppose 0 = i + 5 - 9. Let l(r) = r**2 - 4*r + 3. What is the units digit of l(i)?
3
Let p be 168/(0 - -2) + 0. Suppose -h - 3*h = -p. What is the tens digit of h?
2
Let h(x) = -x**3 - 5*x**2 - 2*x - 2. What is the units digit of h(-5)?
8
Suppose -5*w - 3*v + 2201 = 0, -3*v + 2*v = -w + 445. What is the tens digit of w?
4
What is the units digit of 18 + -6*1/2?
5
Let x be ((-74)/(-5))/((-1)/(-5)). Let m be 2/(-7) + x/14. Suppose -a + 43 = 4*n - 4*a, m*a + 60 = 5*n. What is the units digit of n?
7
Let r be 1 + -13 - (0 - -1). Let m be (-2)/(2/r + 0). Suppose 5*s - 7 = m. What is the units digit of s?
4
Let x = -6 + 10. Let g = x + 7. What is the units digit of g?
1
Let r(j) = j**3 + 6*j**2 + 5*j + 5. Let z be r(-6). Let g = z + 35. What is the units digit of g?
0
Let c(v) = -2*v**2 + 1. Let l be c(-1). What is the units digit of 1*l + (10 - 5)?
4
Suppose -49 = -v + 5*i - 0*i, 3*i + 12 = 0. What is the tens digit of v?
2
Let o(b) = b**3 - 4*b**2 - 4*b. Suppose n - 25 = -0*n. Let l be 135/n + (-4)/10. What is the units digit of o(l)?
5
Suppose 4*f = -s + 12, 0 = -3*f - 5*s + 8 + 18. Suppose 2*v - f*k = 3*v - 27, 5*v + 4*k = 117. What is the units digit of v?
1
Let w = 5 + 5. Let x be (w + -1 - -1) + 3. Suppose 3*k - 46 = -x. What is the units digit of k?
1
Suppose 3*t - 2*t = 5. Suppose -7 - 23 = -t*r. Suppose -2*d - 12 = -r*d. What is the units digit of d?
3
Let h = -67 + 111. Suppose -2*k + 10 - h = 0. Let i = -10 - k. What is the units digit of i?
7
Let o(c) be the third derivative of -c**6/120 - c**5/12 - 7*c**4/24 + c**3/3 - 5*c**2. What is the units digit of o(-5)?
7
Let r(u) = 2*u**2 - 8*u + 5. What is the tens digit of r(-4)?
6
Let u = 133 - 80. What is the tens digit of u?
5
Let l(t) be the first derivative of -3*t**2/2 - t + 4. What is the tens digit of l(-5)?
1
Let y(k) = k**3 + k**2 - k + 1. Let h be y(0). Let w = -3 + h. Let j = 10 + w. What is the units digit of j?
8
Let o(c) = c**3 + 8*c**2 + 6*c - 4. Let g be o(-5). Let k = -4 + 8. Suppose 0 = -k*q + 5*y - g + 104, -4*y + 21 = q. What is the tens digit of q?
1
Let n(i) = 6 + 1 - i - 2. Suppose 0 = -11*o + 10*o. What is the units digit of n(o)?
5
Suppose 5*l = -4*h + 127, 0*h + 116 = 4*l - 4*h. What is the units digit of l?
7
Let w = 1 - 7. Let i(s) = s**2 + 5*s - 6. Let g be i(w). Suppose 2*m + 5*f - 55 = g, 4*m - 5*f - 35 = -0*m. What is the units digit of m?
5
Suppose -4*q + 5 = 1. What is the units digit of q?
1
Let x(g) = -7*g - 2. What is the tens digit of x(-2)?
1
Let v = -21 - -24. What is the units digit of v?
3
Suppose 2*n + 4 = 4*n. Suppose -i + 5*t = 23, n*i + 3*t = 30 - 11. What is the units digit of i?
2
Let r = -30 + 75. What is the units digit of r?
5
Suppose 44 = h - 19. Suppose h = 5*j - 7. What is the tens digit of j?
1
Suppose 2*i + 4*u - 74 = 0, 3*i - 2*u + 4*u = 119. What is the tens digit of i?
4
Let z(x) = 59*x**2 + x + 1. What is the tens digit of z(-1)?
5
Let b(z) = -z**3 - 7*z**2 - 7*z - 2. Let h be b(-6). Suppose 3*v - h*v = -9. What is the units digit of v?
9
Let b(o) = -o**3 - 7*o**2 - 6*o + 1. Let q be b(-6). Let w be (-1)/q - (2 + -47). Suppose -w = -4*a + 20. What is the tens digit of a?
1
Suppose -19 = -d + 4*u, -4*d + 5*u = -48 - 17. Suppose -s + w - 2 = -d, -22 = -2*s + 4*w. What is the tens digit of s?
1
Let z(u) = 5*u**3 + 11*u**2 + 4*u - 4. Let c(i) = -4*i**3 - 10*i**2 - 4*i + 3. Let 